9 + 3038034. Is z prime?
False
Let a = 4228 + 40489. Is a a prime number?
False
Suppose 3*s + 2*p - 207908 = 0, 5*s - 14*p = -13*p + 346496. Suppose s = 5*a - 5*b, 4*a - b - 41586 = a. Is a a composite number?
True
Let j = -178309 + 298811. Is j composite?
True
Suppose 9*n = 11*n - 5*p - 576792, 4*p = -n + 288422. Is n a prime number?
False
Suppose -3*x = -w + 2*w - 3, -2*x = 0. Suppose 0*i = -2*i - 3*b - 79, -w*i + 3*b = 156. Is (i/(-4))/((-2)/(-56)) a prime number?
False
Let o(u) = -7*u - 6. Let s(c) = 13*c + 11. Let l(g) = 11*o(g) + 6*s(g). Let h be l(2). Suppose h*j + 6568 = 4*x, -x + 0*x + 4*j = -1649. Is x a prime number?
False
Suppose -4*j = s + 29559, -14*j + 19*j = -2*s - 36948. Let d = 12369 + j. Is d a composite number?
True
Let l(d) = 2*d**2 + d. Let k(y) = 5*y**2 - 43*y + 55. Let t(f) = -k(f) + 2*l(f). Is t(34) a composite number?
True
Is (-10003257)/(-108) - (-1)/4 composite?
False
Is (46 - 39)*196671/21 prime?
True
Let x be ((-156)/(-18))/(2/12144). Let l = x + -6291. Is l composite?
True
Let l be (-464)/(-56) + (-4)/14. Suppose 3*z + l*z = 462. Let b = z - 21. Is b prime?
False
Let k = -18 - -3. Let d(c) = c**2 + 17*c + 34. Let u be d(k). Is u/14 + (-3212)/(-28) composite?
True
Suppose m - 11 = i - 2*m, -2*m + 3 = -5*i. Let t(z) = 2963*z**3 + z**2 + 2*z - 1. Is t(i) prime?
False
Suppose -2*r + 5*r = -r, 2*b = -3*r + 61942. Is b composite?
False
Suppose -32*u = -22*u - 10850. Suppose u = -c + 3828. Is c prime?
False
Let w(u) be the first derivative of -u**4/4 - 10*u**3/3 - 9*u**2/2 - 4*u - 21. Let k be w(-9). Is (-4876)/k - 3 - -3 a prime number?
False
Let b(x) = x**3 + 6*x**2 - 11*x + 2. Let j be b(-8). Let g = 42 + j. Suppose z = 4*z + 2*s - 7741, g = 2*s. Is z composite?
False
Let q(b) be the third derivative of b**5/5 + b**4/8 + 4*b**3/3 + 26*b**2. Let j be q(-6). Suppose 0*x - 633 = -3*c + 5*x, -j = -2*c + x. Is c a prime number?
True
Suppose -19*q = -124*q + 16155195. Is q composite?
True
Let s = 27 - 18. Let u be (-4)/(-12)*s + 56. Suppose -y - u = -216. Is y composite?
False
Suppose -35*m = -49*m + 56. Suppose -2*f - 5*z = -3596 - 1131, -m*f + 5*z = -9439. Is f a composite number?
True
Let b = -12993 - -33184. Is b composite?
True
Let l(b) = 3*b**3 + 9*b**2 - 59*b - 11. Let u(g) = -4*g**3 - 9*g**2 + 59*g + 12. Let d(y) = -3*l(y) - 2*u(y). Is d(-19) a prime number?
False
Let f(x) = 3449*x**3 - 10*x**2 - 29*x + 75. Is f(5) prime?
False
Let i be (63/27)/(3/18). Suppose 19*d - 11075 = i*d. Is d a composite number?
True
Let p(b) = 377*b - 79. Let v(r) = -752*r + 158. Let w(d) = -7*p(d) - 4*v(d). Is w(2) prime?
True
Is ((-420)/(-40))/((-4 - -1)/(-313068 + -10)) prime?
False
Suppose 11*d = 35*d - 369480. Is d a prime number?
False
Suppose 0 = -12*b - 14*b + 2*b + 265128. Is b a composite number?
False
Let w(a) = 2*a**3 + 14*a**2 - 21*a + 11. Let i be w(13). Let j = -2885 + i. Is j prime?
True
Let k = -34 + 15. Let g = 8 - k. Let u = g - -16. Is u prime?
True
Suppose -l = 5*l - 10*l + 2385452. Is l a composite number?
False
Suppose -10 + 102 = 4*v + 4*i, 2*v - 36 = 3*i. Let q = v - 15. Suppose -q*m + 1896 = -3438. Is m prime?
False
Let d(u) = -4*u**3 + 3*u**2 + 3*u + 6. Let q(j) = -2*j**3 + j**2 + 2*j + 3. Let w(n) = -4*d(n) + 7*q(n). Is w(4) a composite number?
False
Suppose 2*y - 5*y = 6. Let u be ((-5)/10)/(y/32*-4). Is u/(-6) + 7/(63/6108) a composite number?
True
Is (13424/(-40))/((7 + -6)/(-5)) prime?
False
Let v = 50 - 54. Let i be 4/(-2) - (70 - v - -6). Let g = i + 551. Is g prime?
False
Let o(m) = 456*m - 7. Let x(p) = -3*p + 1. Let g(t) = o(t) + 5*x(t). Is g(5) prime?
True
Let b(p) = p**3 - 11*p**2 + 2. Let j be b(11). Suppose -j*d = -3*l - 60266, d - 5*l - 30133 = -3*l. Is d prime?
True
Let b(j) = 264*j**2 + 848*j + 833. Is b(-101) composite?
True
Suppose 99*k = -25*k + 57002852 + 25832744. Is k a prime number?
True
Let d(f) = 27619*f**2 + 1997*f + 5. Is d(-4) prime?
False
Let r = -277 + 285. Suppose 195151 - 48599 = r*x. Is x composite?
True
Suppose -q - 64 = -68. Is -5*12/30*(-5638)/q composite?
False
Let i be -22 - -3*4/(-6). Let r be (-1)/3 + (-128)/i. Suppose 0 = -4*z - 4*g + 812, -g - 3*g = -r*z + 1015. Is z a composite number?
True
Let h = 56 - 126. Let s = 124 + h. Suppose 9*b + s - 873 = 0. Is b composite?
True
Let t be 2/(-4) + (-383673)/34. Let v = t - -17658. Is v composite?
False
Is 5*(6/2 - 2*16217/(-5)) a composite number?
True
Let o(m) = 26207*m**2 - 171*m + 857. Is o(5) a prime number?
False
Let x be 2/(-4)*4 + 0 + 70. Let v(i) = 65 - x + i + i**3 + 9*i**3. Is v(4) composite?
False
Let c(i) = i**3 - 4*i**2 - 11*i - 7. Let q be c(6). Let t(p) = -12168*p - 35. Is t(q) prime?
False
Let d(o) = -o**3 + 33*o**2 + 13*o - 26. Let t be (-1452)/(-154)*7/2. Is d(t) composite?
True
Let c(l) = -5878*l - 917. Is c(-60) a prime number?
True
Let c(l) = -5*l**3 - 7*l**2 - 4. Let s be c(-3). Is (-69 + s)/((-1)/((-446)/(-2))) a prime number?
True
Suppose 5945 = 203*u - 208*u. Let y = -4414 + 2594. Let a = u - y. Is a a composite number?
False
Let l be 0 - (-8)/((-40)/(-15)). Suppose -3*z + 7 - 1 = 0. Suppose -5*x - 1 = -16, l*x = -z*q + 527. Is q a composite number?
True
Suppose 0 = -0*r + 2*r - 106. Let w = -61 + r. Is 5*(-2)/(w/388) a prime number?
False
Suppose b - 4*f - 2909643 = 0, -98*f + 99*f = -4. Is b prime?
False
Let j be (24/2)/((-3)/(-1824)*12). Suppose 2 = -2*f, 2*s - 3*f - j = -3*s. Let r = s - -112. Is r composite?
False
Suppose 0 = l - 2*k - 608467, 5*l + 116*k - 115*k = 3042291. Is l a composite number?
False
Let v(r) = 2895*r**2 - 10*r + 89. Is v(4) a prime number?
False
Let n(m) = -11*m - 71. Let s be n(-9). Suppose 9*b - 94165 = -s*b. Is b composite?
True
Suppose -3*w = 8 - 11, -3*r + 5*w = 26. Let d(z) = -3 + 0 - 2*z**3 + 0*z**3 - 6*z**2 - 8*z. Is d(r) prime?
False
Let z(d) = -897*d**2 + 35*d - 175. Let o(h) = -224*h**2 + 9*h - 44. Let v(a) = -9*o(a) + 2*z(a). Is v(5) composite?
True
Let g = -106 - -103. Is (5 - -2011 - g)*1/3 a composite number?
False
Let l = -66 + 69. Suppose -5*u + u = -i + 2587, l*i - 7789 = 5*u. Is i a prime number?
False
Let z = -99 - -92. Is 24508/154*z/(-2) a composite number?
False
Suppose 15*x + 20 = 19*x. Suppose x*z + 9168 = 21*z. Is z prime?
False
Let p(y) = 13300*y**2 + 217*y + 429. Is p(-2) a prime number?
False
Suppose -j = -2*j + 13. Suppose 3*u + 10 = j. Is (-1)/u*(-1383 + 12) prime?
False
Is (-761064)/(-120) + 5/(25/14) + -2 a prime number?
True
Is (-64103720)/(-266) + ((-12)/(-56))/(2/(-4)) a composite number?
True
Let d = 3063 + -2119. Suppose 3*q - 382 = -2*o, -q - q + d = 5*o. Is ((-49)/(-14))/(2/o) a composite number?
True
Suppose 17*v + 714980 - 4467451 = 253766. Is v a prime number?
True
Suppose 0 = -5*y + 1156 + 1309. Let k = 1569 + y. Is k prime?
False
Let l be (-4)/22*2*(-55)/10. Let d = -2694 + 4996. Suppose 0*z - l*z = -d. Is z prime?
True
Suppose -69*k = -66*k - 12. Suppose -12 = -k*m, -2794 = -x - 4*x - 3*m. Is x a composite number?
False
Let r = 203696 - 62079. Is r composite?
True
Let y(h) = h**2 + 10*h + 12. Suppose -5*b - 3*n = -b + 15, 5*b - 5*n = -45. Let c be y(b). Is 98/(-7)*2/(c/417) a prime number?
False
Suppose 2*k - 26 = 2*u, -7*k = -3*k + 20. Let m(n) = -n**3 - 9*n**2 + 28*n - 19. Is m(u) composite?
False
Let o be 5 + (-3)/(21/182). Is 13749 - (28/o + 2/(-3)) a composite number?
False
Let h(y) = 12*y**3 + 19*y**2 + 67*y + 33. Is h(34) prime?
True
Suppose 7*y = -2*k + 61070, 5*k + 3*y - 59423 = 93194. Is k a prime number?
False
Suppose -3*z = -4*z + 3*i - 4, -4*z = -3*i - 11. Suppose 3*n + 4*t - 721 = 0, z*t + 712 = -n + 4*n. Is n a prime number?
True
Is 323738*-16*11/(-352) a composite number?
False
Let h = 193004 + 526305. Is h a composite number?
True
Let v(p) = 6090*p + 2081. Is v(9) composite?
False
Suppose -13*j = 27*j. Suppose -25*b + 732673 + 203352 = j. Is b prime?
True
Suppose -169*p + 31*p + 448384 = 168382. Let r = 13 - 33. Let n = p - r. Is n prime?
False
Let u be (-10)/(-30)*((1 - 1) + 18). Let p(y) = 3*y - 18. Let k be p(u). Suppose k = -3*z, 0*a = -4*a - 2*z + 16476. Is a prime?
False
Suppose -2*d = 2*b - 16, 0 = -66*b + 70*b - 8. Is (-137445)/(-50) - d/(1 - 61) prime?
True
Let r(v) = -v**2 + v + 30. Let z be 3 - (-21)/(-6) - (-33)/6. Let t be r(z). Suppose 2*j = t*j - 4696. Is j composite?
False
Suppose 8*o - 91 = -